9
What is the value of -20 + 17 - (1 + -3)?
-1
Calculate 1 - ((44 - 46) + 1 + -4).
6
What is 5 + 1 + 2 + -14 - -4?
-2
(-3 - -14) + -6 + (2 - 1)
6
Evaluate -10 + 10 - 5 - (1 + -5).
-1
What is the value of -5 - (-2 - (-1 + 6))?
2
0 + (3 - -1) + -4
0
Evaluate 7 - (0 - (8 - 12)) - 6.
-3
Evaluate -5 + 8 + 2 - (3 + -1).
3
Calculate 6 - (-6 - -10) - 0.
2
Calculate 5 + (2 - (2 - (1 + -2))).
4
Evaluate 2 - (8 - 10 - -2).
2
-7 + 0 - ((-1 - -2) + -4)
-4
Evaluate 5 - ((-2 - -1) + 1).
5
Evaluate -17 + (5 - -3) + 6.
-3
What is 7 + -9 + -1 + 2?
-1
-17 + 12 + -7 + (-4 - -9)
-7
Calculate 4 + (-9 - -1) + (2 - -3).
1
Calculate -17 + 16 + (1 - 4).
-4
Calculate (2 + -13 - -4 - -1) + -1.
-7
(1 - 1) + -1 + 7
6
Evaluate 3 - (1 - 2 - -3).
1
What is the value of (20 - 17) + 4 + 5 + -4?
8
Evaluate -1 - (-2 + 0 + 2).
-1
What is the value of 7 + 0 + -33 + 31?
5
What is (-1 - 3) + 0 + 5 + -2?
-1
Calculate -5 + -5 + 11 - (3 + -3).
1
What is the value of 2 + (3 + -4 + 3 - 0)?
4
What is the value of 1 - -3 - (-1 + -6 - -9)?
2
Calculate -3 + (-5 - -7) - -1.
0
-3 + (13 - -5) - 9
6
Evaluate 1 - (-6 - (-1 - 4 - -4)).
6
What is the value of 2 + -1 - (-8 + 1 + 5)?
3
What is 3 - (5 - (3 + 3 + -6))?
-2
1 - 0 - (3 + -2)
0
8 - (-2 - -7) - 2
1
What is the value of 6 + -12 + 10 + -4?
0
Calculate -5 + 11 + -2 + 0 - -1.
5
Calculate 0 + -7 - (-2 - 0).
-5
What is the value of (-11 - -5) + -4 - (-7 + 2)?
-5
Evaluate 4 - (-2 - -14 - 10).
2
5 - (20 + -8 - 7)
0
Evaluate 6 - 11 - -3 - (-4 + 2).
0
Evaluate -3 - (4 + -2) - (0 + -3).
-2
What is -4 - (-4 - -6) - (-7 - 5)?
6
What is the value of -1 + 1 - (10 - 9)?
-1
-1 - 3 - (5 + -5)
-4
What is the value of 2 + (-4 - (6 + -11 - 2))?
5
What is -4 + 2 + 6 + (-9 - -1)?
-4
Calculate -15 + -1 + 1 - -8.
-7
Evaluate ((-6 - -3) + 3 - 0) + -3.
-3
What is the value of (-10 + 5 - -17) + -10?
2
What is the value of -4 + (3 - -3) + 0 + -2?
0
-3 + (3 - (6 + -7))
1
(-11 - (4 - 7)) + (-14 - -33)
11
Calculate (-7 - -7) + 2 + 2.
4
1 + 5 + -3 + -1 + 1
3
8 + -1 + -161 + 152
-2
Evaluate -8 + (3 - 3) + (21 - 16).
-3
Calculate (10 - (-8 + 9)) + -9.
0
What is the value of 0 - (-1 + 4 + -7 + 4)?
0
What is the value of 2 + 3 + (-11 - -5)?
-1
-8 - (-9 + (-3 - -9))
-5
What is the value of (3 - -1) + -12 + 9?
1
What is (4 - (1 + -4)) + -4?
3
Calculate 42 + -34 - (-2 - -6).
4
What is the value of (11 + -10 - -5) + -5?
1
2 + (1 - 5 - 0)
-2
What is the value of (-2 - 2) + (20 - 13)?
3
What is the value of (0 - (0 + -1)) + 15 + -21?
-5
Evaluate (1 - 5) + (-2 - 0 - -6).
0
1 + 7 + (-24 - -22) - 8
-2
What is the value of -2 - (1 - (2 - 3) - -1)?
-5
What is the value of 1 - (3 - 11 - (6 - 11))?
4
Evaluate 13 + 2 + (2 + 4 - 14).
7
6 - -3 - (-10 + 2 - -11)
6
What is the value of -4 - ((4 - 1 - 5) + 6)?
-8
What is the value of (17 - 10) + (-4 - -2)?
5
What is (-12 - -5) + 2 + 10?
5
Evaluate -8 + -7 + 17 - (-3 + 3).
2
What is the value of 3 + -1 + 5 + -8?
-1
What is the value of -3 - (-2 + 1) - 0?
-2
-1 + 1 + (-68 - -68)
0
What is 6 + -1 - (-2 - -12)?
-5
What is the value of (-11 - (12 + -19)) + 2?
-2
Calculate -4 + (-2 - -5) + (2 - 1).
0
What is (-6 - (7 - 16)) + 8?
11
-20 + 10 + -12 + 14
-8
-8 - (-1 - 5 - 0)
-2
What is the value of (29 - 7) + 0 + -13?
9
-2 + 9 + 8 + -21
-6
What is the value of 1 + -5 + (-9 - -16)?
3
What is -10 + -2 - -15 - 0?
3
3 - (1 + -5) - 3
4
What is the value of -5 - (-3 + (-6 - -12 - 4))?
-4
What is 1 + 3 + -2 + -4?
-2
What is the value of 9 - 6 - (1 - (-1 - -1))?
2
What is the value of (2 - (3 - -3)) + (-9 - -7)?
-6
What is the value of (25 - 19) + -13 + 0?
-7
-10 + 4 + -5 + 6
-5
What is -15 + 8 + 1 - -3?
-3
Calculate (-12 + 3 + 3 - -2) + 3.
-1
Calculate 8 - (2 - (2 + 0)) - 3.
5
15 + 1 + -9 + -5
2
Evaluate 0 - (-1 + 1 - (14 + -10)).
4
654 + -645 - (0 - 1 - -4)
6
Evaluate -4 + -6 + 2 - -4.
-4
-12 + 17 - (-4 - (-4 - -1))
6
Calculate 2 - (2 - 4 - (-1 - 1)).
2
Calculate (0 - (-5 + 4) - -4) + -6.
-1
Calculate 3 - 0 - (2 - (-1 - 2)).
-2
Evaluate 1 - 14 - (-290 + 271).
6
Evaluate -2 - 2 - (-2 + 0).
-2
Calculate -4 + (-3 - 0) + 8 + 4.
5
What is 0 + -10 - (-228 + 214)?
4
Evaluate 1 - -3 - 9 - 0.
-5
-3 - -15 - (6 + -2) - 16
-8
What is -2 + 0 + 7 + 5 + -6?
4
Calculate 5 - 3 - 11 - -4.
-5
What is (6 + 5 - 2) + -2 + -3?
4
Calculate 3 + -5 - ((-1 - -1) + 2).
-4
What is 0 + -3 + (14 - 13)?
-2
What is the value of -4 + 7 - (2 + 6)?
-5
What is the value of -5 + (1 - 3) - (-3 - 0)?
-4
What is the value of 0 - 5 - -11 - 5?
1
Evaluate (-5 - (-4 - 0)) + 3 + -4.
-2
1 - (1 + (-6 - (-5 - -3)))
4
What is 0 + (-5 - (-5 + -3)) + -7?
-4
Calculate -14 + 16 + (1 - -2) + -8.
-3
What is -2 + -1 + -11 + (5 - -5)?
-4
(-5 - -7) + -11 - -17
8
Evaluate -1 + (4 - 2 - -2) + -7.
-4
Evaluate -4 + 12 + 5 + -19.
-6
Evaluate -3 - (-3 + (9 - 5) - -1).
-5
What is the value of (5 - 1) + -3 + 2?
3
Calculate -1 + (-3 + 0 - 0) + 4.
0
Evaluate (7 - (-9 + 6)) + -1 + -2.
7
What is -10 - ((13 - 9) + -12)?
-2
Calculate (-4 - (-4 - (-3 - 0))) + 3.
0
Evaluate 4 + (6 + -7 - 1).
2
Evaluate 0 + -14 + 11 - -11.
8
Calculate 1 + 4 + (-3 - (-7 + 3)).
6
What is the value of -12 + 2 - (9 + 6 - 20)?
-5
What is (9 - (4 - 0)) + 2?
7
Calculate (6 - 1) + (-31 - (-18 + 0)).
-8
Evaluate (-5 - (-1 + 5)) + 4 + 1.
-4
What is the value of (5 + -6 - 3) + 2?
-2
What is -12 + 17 + (-7 - 0)?
-2
1 + 1 + (-4 - 1) + 2
-1
Calculate 2 - (3 - 0 - (15 - 14)).
0
-4 - (-1 - (1 - 4))
-6
What is -5 - (-12 + 0 + 2)?
5
What is (-8 - 1) + 2 + 2?
-5
Calculate (-7 - (-1 + -9)) + -11.
-8
What is (-9 - (6 + -12)) + 1 + 3?
1
What is 5 - (1 - -1 - 5 - -4)?
4
Calculate 2 + (-4 - (2 - 9)) + -4.
1
What is the value of 2 + (-3 - -5) + 0?
4
Evaluate -5 + (5 - (-3 - -6)).
-3
Evaluate 0 + 6 + -9 + 7.
4
What is the value of -12 + (15 - 6) + -2?
-5
-2 - (-2 + 7) - (-55 - -38)
10
What is -9 - -1 - ((0 - -26) + -29)?
-5
2 + 1 - (0 + 1)
2
What is the value of -16 + 11 - (2 + -1 - 13)?
7
Evaluate 2 - 1 - (3 + -5 - 0).
3
3 - (0 - -6 - 7)
4
-6 + 3 + 5 + -1 - 0
1
Calculate -2 + -13 - (10 + -6 - 11).
-8
What is the value of 8 - ((1 - 7) + 18)?
-4
4 - (-5 + (14 - 5))
0
What is the value of (-2 - 4) + 2 + (-2 - -2)?
-4
What is 2 + -5 + -6 + 4 - -2?
-3
Calculate -1 - 0 - (7 + (-4 - 1)).
-3
What is the value of -9 + (8 - 6 - (-1 + -1))?
-5
What is the value of 1 + 0 + 1 - (12 - 5)?
-5
What is the value of -53 - -54 - (1 + (7 - 2))?
-5
What is -5 + 3 + (9 - 4)?
3
Evaluate -10 - (3 - (-5 + 10)).
-8
What is (0 + 1 - (19 + -16)) + -3?
-5
What is the value of (6 - 0) + (-2 - 3)?
1
What is 11 + -28 + 10 - 1?
-8
-14 + 8 + -5 + 9
-2
Evaluate -8 - (-11 - 1 - -7).
-3
Calculate (0 - (2 - 1)) + (-3 - -5).
1
3 + 2 - 7 - 4 - -9
3
What is 10 + (1 + 5 - 4) + -3?
9
Evaluate 1 + (1 - (8 - (6 + -2))).
-2
Evaluate 1 + 1 - 0 - -2 - 0.
4
Evaluate (1 - -10 - 6) + -5.
0
Evaluate 8 + -15 - -6 - 3.
-4
What is the value of (-6 - -1) + -7 + 6 + 6?
0
(13 - 18) + 0 + -3
-8
Evaluate 0 - (-5 - -7) - (5 + -2).
-5
Calculate 0 + (-2 - -1) + -5 + 5.
-1
What is 4 - (-5 + 4 + 2) - -2?
5
What is 9 + 1 + -8 + 7?
9
Calculate -9 + 8 + (5 - 1) - 0.
3
Evaluate -6 + 3 - (-2 + (-2 - -4)).
-3
What is 1 - (-7 + 6 + -3)?
5
What is (1 - 1) + -2 + 2 + -3?
-3
Evaluate -1 + 5 + -23 + 15.
-4
Evaluate -8 - (0 - 2) - 1.
-7
Evaluate 1 + (-2 - 6) + 2.
-5
Evaluate -25 + 24 - (2 + 1).
-4
What is the value of 4 - 3 - 1 - (16 + -16)?
0
What is (-3 - -3) + (-5 - -10) + -1?
4
Evaluate 0 - 6 - (4 + -6 - -1).
-5
Calculate 8 - (12 - 7 - 2).
5
Calculate 0 + 11 + -7 + 0.
4
What is -9 + 8 - (-3 + 3 + 2)?
-3
What is the value of (-2 - 2) + 10 - 5?
1
What is (-5 - -1) + (-5 - -10 - 4)?
-3
What is 7 - (-6 - -10) - 13?
-10
What is the value of (-5 - 5) + 4 - -8?
2
Evaluate -1 - (-1 - (4 + -1)).
3
-3 + (0 + -4 - -8 - -2)
3
Calculate 4 + -8 + 5 + 10.
11
Evaluate 4 - 2 - 4 - (153 - 163).
8
What is (-8 - (-1 - 3)) + (2 - 0)?
-2
Calculate (-8 - (10 - 8 - 3)) + 7.
0
What is (-1 - -9) + (-6 + 6 - 3)?
5
Calculate -4 + -2 + 2 + (-2 - -2).
-4
(2 - 1) + -8 + 6
-1
What is -2 - (2 - -1) - (-18 + 14)?
-1
What is the value of -5 + 1 - (-8 + 6)?
-2
What is -102 + 115 - (-1 + 4)?
10
What is the value of (-2 - 0) + (11 - 10) + 0?
-1
9 - (-2 + 13 + -4)
2
What is 5 - (-4 - -6 - -2)?
1
What is -4 - ((3 + -9 - -1) + 0)?
1
What is the value of 13 + 9 + -22 - -10?
10
What is the value of 1 - (-1 + 2) - (-40 + 40)?
0
Calculate (-4 - -6) + -3 + -3 + 3.
-1
1 + (-2 - -3 - -2) + 